What is w(-25)?
165
Let c(f) = 2*f**3 - 366*f**2 - 6*f - 121. Give c(183).
-1219
Let t(n) = 51*n**2 - 1047*n - 125. Calculate t(21).
379
Let w(o) = -o**3 + 81*o**2 - 791*o - 13045. Determine w(66).
89
Let x(q) = q**3 - 451*q**2 + 3299*q + 108540. Determine x(443).
5
Let u(b) = -31870*b - 254922. Determine u(-8).
38
Let t(b) = -762*b - 31768. Give t(-41).
-526
Let t(w) = -2*w**3 - 40*w**2 + 145*w + 187. What is t(-23)?
26
Let y(d) = -198258*d + 7335544. Determine y(37).
-2
Let t(y) = 3*y**3 - 83*y**2 - 96*y + 1667. Calculate t(28).
-237
Let s(y) = -5*y**2 - 59915*y - 479431. Calculate s(-8).
-431
Let z(d) = -2*d**2 - 1659*d + 32214. What is z(19)?
-29
Let c(a) = 16320*a + 66990. What is c(-4)?
1710
Let s(g) = 163*g + 2871. Give s(-26).
-1367
Let n(f) = -174*f**2 + 550*f + 1098. Give n(-2).
-698
Let i(a) = 2*a**3 + 76*a**2 - 75*a + 859. Determine i(-39).
742
Let h(y) = -2*y**2 + 608*y - 26214. Give h(252).
-6
Let t(x) = -93*x**2 + 538*x + 22. Determine t(4).
686
Let d(r) = 330*r - 117853. Calculate d(360).
947
Let f(q) = 15*q**2 - 1417*q + 4757. Calculate f(91).
25
Let r(o) = -668*o - 92731. Give r(-139).
121
Let h(b) = -b**3 - 5081*b**2 + 225503*b - 105. Give h(44).
27
Let m(u) = 37*u**3 - 77*u**2 + 33*u - 53. What is m(2)?
1
Let a(p) = p**3 + 392*p**2 - 1001*p + 72687. What is a(-395)?
7
Let h(m) = m**2 - 10*m - 2070. Give h(51).
21
Let y(m) = m**3 - 1459*m**2 + 13092*m - 2153280. Give y(1451).
4
Let j(h) = -2*h**3 + 242*h**2 + 952*h. What is j(-4)?
192
Let h(r) = 6207*r + 366218. Determine h(-59).
5
Let r(u) = 62*u**2 - 7230*u + 272. Calculate r(117).
3080
Let b(x) = 330*x + 15573. Determine b(-34).
4353
Let s(t) = 664*t + 2362. Determine s(-3).
370
Let t(n) = 380*n - 5219. What is t(14)?
101
Let t(k) = 10266*k - 40690. Determine t(4).
374
Let y(m) = 4*m**3 + 187*m**2 + 407*m + 108. What is y(-44)?
3496
Let k(r) = 28681*r + 688335. What is k(-24)?
-9
Let x(u) = u**3 - 89*u**2 + 1330*u - 36. What is x(70)?
-36
Let s(u) = u**2 + 8819*u + 17630. What is s(-2)?
-4
Let d(g) = g**3 - 155*g**2 - 1647*g + 55905. What is d(163)?
-4
Let q(z) = z**2 + 3332*z - 515048. Give q(148).
-8
Let i(f) = -2*f**2 + 2737*f - 48698. Give i(18).
-80
Let h(s) = s**3 + 323*s**2 + 3602*s - 40435. Determine h(-311).
-5
Let w(p) = 13*p**3 + 6132*p**2 - 14220*p + 3. What is w(-474)?
3
Let y(x) = -658*x**2 - 807*x - 2413. Determine y(-3).
-5914
Let i(y) = y**3 - 46*y**2 - 20*y - 5263. Determine i(48).
-1615
Let s(h) = h**3 - 76*h**2 + 197*h - 1149. What is s(74)?
2477
Let f(i) = -17*i**2 - 425*i + 2161. Give f(5).
-389
Let j(m) = -m**2 + 602*m - 11171. Give j(19).
-94
Let k(l) = -17*l**2 - 24*l + 87. Give k(3).
-138
Let m(p) = -p**3 - 8*p**2 + 3126*p + 27962. What is m(-9)?
-91
Let p(q) = 8465*q - 11393887. Determine p(1346).
3
Let s(v) = -v**3 - 94*v**2 - 1739*v + 94. Calculate s(-27).
-1796
Let l(w) = 219*w**2 + 33555*w + 7336. Give l(-153).
-8
Let c(s) = -635*s**3 + 107*s**2 + 5*s + 4. What is c(0)?
4
Let w(n) = 2676*n + 16935. What is w(-7)?
-1797
Let p(y) = 19*y**2 - 226*y + 446. Determine p(2).
70
Let p(c) = c**2 - 198*c + 8355. Give p(137).
-2
Let v(g) = 602*g - 1342. Calculate v(2).
-138
Let u(n) = -n**3 - 42*n**2 - 51198*n - 2203362. Give u(-43).
1
Let a(f) = -50048*f - 1401386. Give a(-28).
-42
Let r(o) = -10*o**3 - 560*o**2 + 65*o + 3648. What is r(-56)?
8
Let k(q) = 283*q - 41924. What is k(148)?
-40
Let b(h) = h**2 + 122*h + 698. What is b(-6)?
2
Let w(s) = 2144*s + 733232. What is w(-342)?
-16
Let w(b) = 7*b**3 - 51*b**2 - 22*b + 111. Give w(3).
-225
Let z(f) = -18*f**2 + 929*f + 6394. Determine z(-7).
-991
Let j(f) = f**2 + 109*f - 1590. Give j(-121).
-138
Let o(w) = 2536*w + 400616. Determine o(-158).
-72
Let t(f) = -f**2 + 88*f - 2072. Calculate t(31).
-305
Let f(x) = -5*x**3 + 306*x**2 - 4470*x - 6305. What is f(30)?
-5
Let g(d) = -d**3 + 18*d**2 - 95*d + 1004. Determine g(19).
-1162
Let b(q) = -2267*q + 194575. What is b(86)?
-387
Let r(i) = 70*i**2 + 7002*i + 216. What is r(-100)?
16
Let a(v) = -5*v**3 - 24*v**2 - 208*v - 776. Calculate a(-4).
-8
Let l(z) = 2369*z + 105736. Calculate l(-44).
1500
Let z(f) = -f**3 + 267*f**2 + 70689*f + 817. What is z(-164)?
-3
Let s(a) = -30435*a + 3682639. Determine s(121).
4
Let r(b) = 16531*b + 66117. What is r(-4)?
-7
Let f(j) = 2*j**2 - 62*j - 1811. Calculate f(49).
-47
Let z(o) = 3*o**3 - 4*o**2 - 18*o + 25. What is z(-4)?
-159
Let g(y) = 3*y**2 + 152634*y + 1221189. Give g(-8).
309
Let p(y) = -234366*y - 234377. Give p(-1).
-11
Let u(k) = 8*k**2 + 1417*k + 2838. Determine u(-2).
36
Let z(f) = -115*f + 3747. What is z(52)?
-2233
Let g(w) = 1210618*w + 2421270. What is g(-2)?
34
Let w(n) = 31408*n + 19975472. Determine w(-636).
-16
Let s(t) = -4805*t + 14115. Give s(3).
-300
Let i(h) = -h**3 + 55*h**2 + 325*h - 9045. Calculate i(58).
-287
Let m(b) = -51*b**3 - 2914*b**2 - 407*b - 444. What is m(-57)?
12
Let z(l) = 2*l**3 + 43*l**2 - 228*l - 209. What is z(-25)?
1116
Let w(j) = -14*j**2 + 655*j - 1300. Determine w(2).
-46
Let y(c) = -c**3 + 30*c**2 - 143*c - 259. Give y(8).
5
Let k(i) = -2*i**3 + 24*i**2 + 280*i - 3829. Give k(15).
-979
Let w(d) = d**3 - 58*d**2 - 219*d - 24. Calculate w(-4).
-140
Let o(b) = -2*b**2 - 586*b + 1739. Calculate o(3).
-37
Let t(n) = 31*n**2 + 1341*n + 486. Determine t(-43).
142
Let l(z) = 2*z**3 - 15*z**2 - 286*z + 1986. Determine l(12).
-150
Let o(h) = 2*h**3 - 47*h**2 - 12*h - 280. Calculate o(24).
8
Let p(x) = 4*x**2 - 2524*x - 5039. Calculate p(-2).
25
Let y(h) = 11*h**3 - 54*h**2 - 107*h + 516. Calculate y(5).
6
Let i(d) = -6*d**2 - 134*d + 254. Determine i(-24).
14
Let g(n) = -32113*n + 257331. What is g(8)?
427
Let h(p) = p**3 - 22*p**2 - 1641*p + 40935. Give h(36).
3
Let d(t) = -t**2 + 269*t + 6218. Determine d(290).
128
Let a(m) = -188*m**2 + 3256*m - 11995. Give a(12).
5
Let k(j) = j**3 - 812*j**2 + 4875*j - 241. Give k(6).
-7
Let b(s) = 4*s**3 + 5*s**2 - 2577*s + 79. Give b(-26).
157
Let x(u) = 1792*u + 68472. What is x(-41)?
-5000
Let h(s) = 461*s - 274. What is h(3)?
1109
Let k(z) = 2*z**3 - 79*z**2 - 407*z + 208. Determine k(-5).
18
Let a(z) = 1571*z + 4168. Calculate a(-2).
1026
Let i(p) = -15*p**3 - 748*p**2 + 106*p - 23. Determine i(-50).
-323
Let j(k) = -9*k**3 + 846*k**2 + 54*k - 5184. Give j(94).
-108
Let m(t) = 22461*t - 404302. Determine m(18).
-4
Let q(g) = 171*g**3 + 2*g**2 - 6*g - 14. What is q(-2)?
-1362
Let o(k) = -2*k**3 - 6*k**2 + 99*k - 26. What is o(0)?
-26
Let v(i) = 2049*i - 188130. Give v(92).
378
Let b(l) = -10*l**2 + 633*l - 3587. Determine b(57).
4
Let a(s) = -97*s**2 - 14*s + 109. Calculate a(-1).
26
Let z(o) = -377*o**2 + 1214*o + 3645. Calculate z(-3).
-3390
Let z(u) = 4*u**2 - 198*u + 404. What is z(47)?
-66
Let b(r) = 65*r**2 - 2158*r + 151. What is b(34)?
1919
Let o(j) = 54621*j - 15348509. What is o(281)?
-8
Let h(w) = 2*w**2 + 161*w - 1. What is h(-8)?
-1161
Let d(x) = 6217*x + 385696. Determine d(-62).
242
Let w(u) = -2*u**3 - 40*u**2 - 84*u - 82. What is w(-20)?
1598
Let s(g) = 10*g**3 - 536*g**2 + 1328*g - 64. Calculate s(51).
38
Let p(d) = 4*d**2 + 846*d - 77416. Give p(69).
2
Let b(s) = 2*s**2 - 69*s + 346. Determine b(39).
697
Let v(f) = -f**2 + 18353*f - 146747. Give v(8).
13
Let s(y) = -1200251*y - 19204008. Give s(-16).
8
Let c(m) = -5*m**3 + 358*m**2 - 6019*m - 77. Calculate c(27).
-23
Let u(t) = -14*t**2 - 1285*t + 8419. Calculate u(-98).
-107
Let k(m) = -7*m**2 + 43*m - 81. Give k(5).
-41
Let y(a) = 1042*a + 7441. Determine y(-8).
-895
Let b(k) = 2*k**3 + 160*k**2 - 1608*k - 516. Determine b(-89).
18
Let n(w) = 13*w**2 - 250*w - 448. Calculate n(21).
35
Let g(x) = x**3 + 36*x**2 - 6873*x + 2909. Determine g(-103).
25
Let c(s) = -5974*s**2 + 4139981*s + 666. What is c(693)?
-27
Let w(h) = -h**3 + 84*h**2 + 396*h - 45935. Determine w(82).
-15
Let s(c) = -2*c**2 + 57*c + 202. Calculate s(-7).
-295
Let c(u) = -1610*u + 10165. Determine c(6).
505
Let v(j) = -2*j**2 + 7634*j - 987050. Calculate v(134).
-6
Let p(d) = -5520*d - 60820. Give p(-11).
-100
Let g(t) = 179*t**2 - 3580*t - 43. Give g(20).
-43
Let v(s) = -2*s**2 + 2411*s + 117778. Calculate v(-47).
43
Let f(h) = 7*h**2 + 539*h - 571. Determine f(-77).
-571
Let w(k) = -1600*k + 9832. Give w(6).
232
Let k(v) = 61*v**3 - 1161*v**2 + 39*v - 1. Calculate k(19).
18
Let y(x) = -1618